{"id":126,"date":"2018-10-10T07:30:38","date_gmt":"2018-10-10T07:30:38","guid":{"rendered":"http:\/\/gartenpartner.org\/?page_id=126"},"modified":"2022-12-05T18:36:22","modified_gmt":"2022-12-05T18:36:22","slug":"uber-mich","status":"publish","type":"page","link":"http:\/\/gartenpartner.org\/index.php\/uber-mich\/","title":{"rendered":"\u00fcber mich"},"content":{"rendered":"<p><strong>Die Hauptaufgabe eines Gartens ist es,\u00a0seinem Besucher die sch\u00f6nste und h\u00f6chste Art des irdischen Vergn\u00fcgens zu bereiten.<\/strong>\u00a0 <em>Gertrude Jekyll<\/em><\/p>\n<p><img loading=\"lazy\" decoding=\"async\" class=\"alignleft size-medium wp-image-130\" src=\"http:\/\/gartenpartner.org\/wp-content\/uploads\/2018\/10\/ich-217x300.jpg\" alt=\"\" width=\"217\" height=\"300\" srcset=\"http:\/\/gartenpartner.org\/wp-content\/uploads\/2018\/10\/ich-217x300.jpg 217w, http:\/\/gartenpartner.org\/wp-content\/uploads\/2018\/10\/ich-768x1064.jpg 768w, http:\/\/gartenpartner.org\/wp-content\/uploads\/2018\/10\/ich-739x1024.jpg 739w, http:\/\/gartenpartner.org\/wp-content\/uploads\/2018\/10\/ich.jpg 1479w\" sizes=\"(max-width: 217px) 100vw, 217px\" \/>Manchmal ist es an der Zeit, etwas Neues zu beginnen.<\/p>\n<p>Nach \u00fcber 40 Jahren im Beruf mache ich den Schritt in die Selbstst\u00e4ndigkeit, indem ich meinen Schwerpunkt auf das lege, was ich am liebsten mache und kann &#8211; die Planung von G\u00e4rten.<\/p>\n<p>Ich habe meine Berufsausbildung in M\u00fcnchen zum Gesellen im Garten-, Landschafts- und Sportplatzbau absolviert und viel Freude an der Gestaltung gehabt. Wir arbeiteten in Privatg\u00e4rten, in kleinen Innenh\u00f6fen und in der freien Landschaft und legten unser Augenmerk immer auf die angepasste Gestaltung \u2013 zum Einen auf die W\u00fcnsche der Kunden aber auch auf die Einzigartigkeit der Umgebung. So entstanden kleinere und gr\u00f6\u00dfere \u201eKunstwerke\u201c.<\/p>\n<p>In meiner Gesellenzeit in Celle in einem gr\u00f6\u00dferen Betrieb habe ich das Erlernte in der Praxis mit viel Freude weitergef\u00fchrt und umgesetzt, insbesondere im Bereich Gartenneuanlagen und \u2013umgestaltung.<\/p>\n<p>Nach der einj\u00e4hrigen Fachschule an der Justus-von-Liebig-Schule in Hannover, die ich als Meister und staatlich gepr\u00fcfter Wirtschafter beenden konnte, bin ich zunehmend in die Planung von G\u00e4rten eingestiegen und habe mich bei vielen Schulungsma\u00dfnahmen weitergebildet.<\/p>\n<p>Dieses Erlernte und von mir Gelebte m\u00f6chte ich mit Ihnen teilen und in Ihre Gartengestaltung einflie\u00dfen lassen.<\/p>\n<p><img loading=\"lazy\" decoding=\"async\" class=\"alignleft size-thumbnail wp-image-97\" src=\"http:\/\/gartenpartner.org\/wp-content\/uploads\/2018\/10\/Logo-Groddeck-2-150x150.jpg\" alt=\"\" width=\"150\" height=\"150\" srcset=\"http:\/\/gartenpartner.org\/wp-content\/uploads\/2018\/10\/Logo-Groddeck-2-150x150.jpg 150w, http:\/\/gartenpartner.org\/wp-content\/uploads\/2018\/10\/Logo-Groddeck-2-300x300.jpg 300w, http:\/\/gartenpartner.org\/wp-content\/uploads\/2018\/10\/Logo-Groddeck-2-768x768.jpg 768w, http:\/\/gartenpartner.org\/wp-content\/uploads\/2018\/10\/Logo-Groddeck-2-1024x1024.jpg 1024w, http:\/\/gartenpartner.org\/wp-content\/uploads\/2018\/10\/Logo-Groddeck-2-100x100.jpg 100w\" sizes=\"(max-width: 150px) 100vw, 150px\" \/><\/p>\n","protected":false},"excerpt":{"rendered":"<p>Die Hauptaufgabe eines Gartens ist es,\u00a0seinem Besucher die sch\u00f6nste und h\u00f6chste Art des irdischen Vergn\u00fcgens zu bereiten.\u00a0 Gertrude Jekyll Manchmal ist es an der Zeit, etwas Neues zu beginnen. Nach \u00fcber 40 Jahren im Beruf mache ich den Schritt in die Selbstst\u00e4ndigkeit, indem ich meinen Schwerpunkt auf das lege, was ich am liebsten mache und &hellip; <\/p>\n<p class=\"link-more\"><a href=\"http:\/\/gartenpartner.org\/index.php\/uber-mich\/\" class=\"more-link\">Continue reading<span class=\"screen-reader-text\"> &#8220;\u00fcber mich&#8221;<\/span><\/a><\/p>\n","protected":false},"author":1,"featured_media":0,"parent":0,"menu_order":0,"comment_status":"closed","ping_status":"closed","template":"","meta":{"footnotes":""},"_links":{"self":[{"href":"http:\/\/gartenpartner.org\/index.php\/wp-json\/wp\/v2\/pages\/126"}],"collection":[{"href":"http:\/\/gartenpartner.org\/index.php\/wp-json\/wp\/v2\/pages"}],"about":[{"href":"http:\/\/gartenpartner.org\/index.php\/wp-json\/wp\/v2\/types\/page"}],"author":[{"embeddable":true,"href":"http:\/\/gartenpartner.org\/index.php\/wp-json\/wp\/v2\/users\/1"}],"replies":[{"embeddable":true,"href":"http:\/\/gartenpartner.org\/index.php\/wp-json\/wp\/v2\/comments?post=126"}],"version-history":[{"count":10,"href":"http:\/\/gartenpartner.org\/index.php\/wp-json\/wp\/v2\/pages\/126\/revisions"}],"predecessor-version":[{"id":428,"href":"http:\/\/gartenpartner.org\/index.php\/wp-json\/wp\/v2\/pages\/126\/revisions\/428"}],"wp:attachment":[{"href":"http:\/\/gartenpartner.org\/index.php\/wp-json\/wp\/v2\/media?parent=126"}],"curies":[{"name":"wp","href":"https:\/\/api.w.org\/{rel}","templated":true}]}}